greatest common factor of 6190 and 584557602.
1238
What is the highest common factor of 192330 and 12744?
18
What is the highest common factor of 1782504 and 1437768?
1368
What is the highest common divisor of 5757202 and 531058?
2222
What is the highest common divisor of 793584 and 25488?
432
What is the greatest common divisor of 903 and 6701937?
129
What is the highest common factor of 50323 and 73926541?
1027
Calculate the highest common divisor of 234493 and 549745.
973
What is the highest common factor of 129 and 1221604028?
43
What is the highest common factor of 2586384 and 1431?
27
Calculate the highest common factor of 76 and 46067951.
19
What is the highest common divisor of 129547 and 22583?
11
Calculate the highest common divisor of 26623565 and 2955.
985
Calculate the highest common divisor of 43232 and 28112.
112
Calculate the greatest common divisor of 22052795 and 1510.
755
What is the highest common divisor of 4080 and 10797120?
240
What is the greatest common divisor of 82187 and 19883?
59
Calculate the highest common factor of 2635 and 1831852.
527
Calculate the highest common divisor of 20140 and 594890.
190
What is the highest common divisor of 116938325 and 3910?
1955
Calculate the highest common factor of 89072 and 36233.
19
What is the highest common divisor of 28264 and 89292?
4
Calculate the greatest common factor of 6707156 and 5348.
764
What is the highest common factor of 630952 and 68096?
1064
Calculate the greatest common factor of 65074457 and 7.
7
What is the highest common divisor of 5158709 and 38?
19
Calculate the greatest common divisor of 13072 and 228228.
76
What is the greatest common factor of 1257 and 225710691?
1257
What is the greatest common factor of 52 and 940076?
4
Calculate the greatest common divisor of 33600 and 1335.
15
What is the highest common divisor of 6043277 and 697?
41
Calculate the greatest common factor of 22580830 and 1210.
10
Calculate the greatest common divisor of 7428 and 150456.
12
Calculate the highest common divisor of 2464 and 11759216.
112
Calculate the greatest common factor of 346712 and 406401208.
18248
Calculate the greatest common factor of 1637097 and 3357.
1119
What is the highest common divisor of 211152 and 5222832?
2544
What is the greatest common factor of 380610 and 43380?
90
Calculate the highest common divisor of 170447057 and 913.
913
What is the greatest common factor of 12400 and 373550?
1550
What is the greatest common factor of 567 and 50053227?
21
Calculate the greatest common divisor of 7776 and 23220864.
864
Calculate the highest common factor of 22493 and 57519.
83
What is the greatest common divisor of 32 and 19760304?
16
What is the highest common divisor of 425 and 1700900?
25
What is the greatest common divisor of 6395540 and 445?
445
What is the highest common factor of 920 and 2656270?
230
Calculate the greatest common factor of 10743502 and 8162.
154
What is the highest common factor of 9605169 and 378?
189
Calculate the highest common factor of 8056024 and 69736.
3032
Calculate the highest common divisor of 5068 and 159069316.
5068
What is the greatest common divisor of 9536 and 587504?
16
What is the highest common factor of 429420 and 234076?
1684
Calculate the highest common factor of 4971 and 4143.
3
What is the greatest common divisor of 16 and 35685224?
8
Calculate the greatest common factor of 129 and 1061063872.
43
Calculate the highest common factor of 55730576 and 91988.
7076
What is the greatest common divisor of 2724 and 5177364?
12
What is the greatest common factor of 665291 and 2464?
11
What is the greatest common divisor of 437532985 and 5?
5
Calculate the highest common divisor of 2081630 and 59534.
206
Calculate the greatest common factor of 6 and 159724848.
6
Calculate the highest common divisor of 119606 and 15484.
158
Calculate the greatest common divisor of 8411337 and 27324.
297
Calculate the greatest common factor of 75766896 and 27.
9
Calculate the highest common divisor of 104886 and 528147626.
11654
Calculate the highest common factor of 262 and 2656103862.
262
Calculate the greatest common divisor of 134714 and 202.
2
What is the greatest common divisor of 590 and 19749955?
295
Calculate the greatest common factor of 1215 and 576795.
15
Calculate the greatest common factor of 24196304 and 2992.
2992
What is the highest common divisor of 45792 and 1714338?
2862
What is the greatest common factor of 1411380 and 36209738?
15682
What is the highest common factor of 2750 and 336686625?
1375
Calculate the greatest common factor of 17628741 and 69.
69
What is the greatest common divisor of 1 and 601251?
1
Calculate the greatest common factor of 194160 and 77010.
30
What is the highest common factor of 498342 and 26?
26
Calculate the greatest common divisor of 72722236 and 1412.
1412
Calculate the highest common divisor of 16445600 and 523024.
5392
Calculate the highest common divisor of 20064 and 183966.
6
What is the greatest common divisor of 9410886 and 36?
18
Calculate the greatest common factor of 599503935 and 1590.
795
Calculate the greatest common divisor of 21890152 and 3621.
1207
What is the greatest common factor of 14 and 2190564124?
14
What is the highest common factor of 23456 and 1216?
32
What is the highest common factor of 42521 and 1543482?
101
Calculate the greatest common divisor of 1579140 and 1907420.
5660
What is the highest common factor of 47520 and 4537632?
1056
What is the highest common factor of 167914 and 22302?
118
Calculate the greatest common divisor of 118 and 502151714.
118
Calculate the highest common divisor of 4796 and 98464932.
436
What is the highest common divisor of 788372 and 2444?
52
Calculate the greatest common divisor of 2065646 and 770.
22
Calculate the greatest common divisor of 111991867 and 104.
13
What is the greatest common divisor of 19314 and 37998729?
261
What is the highest common divisor of 564696 and 10602?
558
Calculate the highest common factor of 564 and 220806.
282
What is the highest common divisor of 216914 and 4?
2
Calculate the greatest common divisor of 536 and 860737744.
536
Calculate the greatest common divisor of 19074 and 1712733.
561
Calculate the greatest common divisor of 32873200 and 50.
50
Calculate the greatest common divisor of 105 and 7052235.
15
Calculate the highest common factor of 817538437 and 271.
271
What is the highest common factor of 58916 and 10965071?
1339
What is the greatest common factor of 5568 and 177936?
48
What is the highest common divisor of 6920 and 207081?
173
What is the greatest common divisor of 46024748 and 623?
623
What is the greatest common divisor of 3795 and 37038395?
115
What is the greatest common factor of 155 and 44395751?
31
What is the highest common factor of 45752294 and 98?
14
Calculate the highest common factor of 2623089708 and 36.
36
What is the highest common factor of 2691 and 51606126?
117
What is the greatest common factor of 13824 and 1741632?
192
What is the greatest common divisor of 10608 and 196339936?
3536
Calculate the highest common divisor of 92573423 and 29.
29
Calculate the highest common divisor of 672070882 and 839.
839
Calculate the greatest common divisor of 19614 and 190386.
42
Calculate the highest common divisor of 993403 and 24127.
1049
Calculate the greatest common factor of 3 and 1332568.
1
Calculate the greatest common divisor of 16984575 and 323.
19
Calculate the highest common divisor of 104890 and 7174.
34
Calculate the greatest common factor of 1511969426 and 2154.
718
Calculate the greatest common factor of 105440610 and 165.
165
Calculate the highest common divisor of 6479 and 870463.
11
Calculate the highest common factor of 2185484 and 1.
1
What is the highest common divisor of 1079 and 26894988?
83
Calculate the highest common factor of 6808 and 37152958.
1702
What is the highest common divisor of 25480 and 512540?
980
What is the greatest common factor of 54317783 and 3016?
377
Calculate the greatest common divisor of 1748 and 14341466.
874
Calculate the greatest common factor of 26 and 73421114.
26
What is the greatest common factor of 101257 and 221?
13
What is the highest common divisor of 80487 and 107613?
99
What is the highest common divisor of 25751710